{"id":16,"date":"2016-04-19T12:53:00","date_gmt":"2016-04-19T10:53:00","guid":{"rendered":"https:\/\/cotg.pttk.pl\/bip\/?page_id=16"},"modified":"2023-04-14T15:20:21","modified_gmt":"2023-04-14T13:20:21","slug":"dokumenty","status":"publish","type":"page","link":"https:\/\/cotg.pttk.pl\/bip\/dokumenty\/","title":{"rendered":"Dokumenty"},"content":{"rendered":"\n<p><strong>Dokumenty powi\u0105zane:<\/strong><\/p>\n\n\n\n<ul class=\"wp-block-list\">\n<li><a href=\"https:\/\/cotg.pttk.pl\/bip\/wp-content\/uploads\/2023\/04\/Statut_PTTK.pdf\">Statut stowarzyszenia Polskie Towarzystwo Turystyczno-Krajoznawcze<\/a><\/li>\n\n\n\n<li><a href=\"https:\/\/cotg.pttk.pl\/bip\/wp-content\/uploads\/2023\/04\/regulamin_cotg.pdf\">Regulamin Centralnego O\u015brodka Turystyki G\u00f3rskiej Polskiego Towarzystwa Turystyczno-Krajoznawczego<\/a><\/li>\n\n\n\n<li><a href=\"https:\/\/cotg.pttk.pl\/bip\/wp-content\/uploads\/2023\/04\/pelnomocnictwo.pdf\">Pe\u0142nomocnictwo Zarz\u0105du G\u0142\u00f3wnego PTTK obejmuj\u0105ce czynno\u015bci zwyk\u0142ego zarz\u0105du dla Dyrektora Centralnego O\u015brodka Turystyki G\u00f3rskiej<\/a><\/li>\n<\/ul>\n","protected":false},"excerpt":{"rendered":"<p>Dokumenty powi\u0105zane:<\/p>\n","protected":false},"author":2,"featured_media":0,"parent":0,"menu_order":0,"comment_status":"closed","ping_status":"closed","template":"","meta":{"footnotes":""},"class_list":["post-16","page","type-page","status-publish","hentry"],"_links":{"self":[{"href":"https:\/\/cotg.pttk.pl\/bip\/wp-json\/wp\/v2\/pages\/16","targetHints":{"allow":["GET"]}}],"collection":[{"href":"https:\/\/cotg.pttk.pl\/bip\/wp-json\/wp\/v2\/pages"}],"about":[{"href":"https:\/\/cotg.pttk.pl\/bip\/wp-json\/wp\/v2\/types\/page"}],"author":[{"embeddable":true,"href":"https:\/\/cotg.pttk.pl\/bip\/wp-json\/wp\/v2\/users\/2"}],"replies":[{"embeddable":true,"href":"https:\/\/cotg.pttk.pl\/bip\/wp-json\/wp\/v2\/comments?post=16"}],"version-history":[{"count":7,"href":"https:\/\/cotg.pttk.pl\/bip\/wp-json\/wp\/v2\/pages\/16\/revisions"}],"predecessor-version":[{"id":27,"href":"https:\/\/cotg.pttk.pl\/bip\/wp-json\/wp\/v2\/pages\/16\/revisions\/27"}],"wp:attachment":[{"href":"https:\/\/cotg.pttk.pl\/bip\/wp-json\/wp\/v2\/media?parent=16"}],"curies":[{"name":"wp","href":"https:\/\/api.w.org\/{rel}","templated":true}]}}