{"id":76,"date":"2021-01-26T12:57:00","date_gmt":"2021-01-26T11:57:00","guid":{"rendered":"https:\/\/cotg.pttk.pl\/bip\/?page_id=76"},"modified":"2023-04-20T13:01:26","modified_gmt":"2023-04-20T11:01:26","slug":"stworzenie-aplikacji-mobilnej-android-ios-oraz-strony-mapowej","status":"publish","type":"page","link":"https:\/\/cotg.pttk.pl\/bip\/zamowienia-publiczne\/zamowienia-publiczne-o-wartosci-ponizej-130-000-pln\/stworzenie-aplikacji-mobilnej-android-ios-oraz-strony-mapowej\/","title":{"rendered":"Stworzenie aplikacji mobilnej (Android + iOS) oraz strony mapowej"},"content":{"rendered":"\n<p>Polskie Towarzystwo Turystyczno-Krajoznawcze Centralny O\u015brodek Turystyki G\u00f3rskiej PTTK w Krakowie zaprasza do z\u0142o\u017cenia oferty dotycz\u0105cej wykonania us\u0142ugi:<\/p>\n\n\n\n<p><strong>Stworzenie aplikacji mobilnej (Android + iOS) oraz strony mapowej<\/strong><\/p>\n\n\n\n<p>w ramach realizacji projektu pn. \u201eG\u00f3ry bez granic \u2013 integracja sieci szlak\u00f3w w transgraniczny produkt turystyczny\u201d, nr PLSK.01.01.00-00.0116\/17, wsp\u00f3\u0142finansowanego przez Uni\u0119 Europejsk\u0105 z Europejskiego Funduszu Rozwoju Regionalnego w ramach Programu Wsp\u00f3\u0142pracy Transgranicznej Interreg V-A Polska \u2013 S\u0142owacja 2014-2020.<\/p>\n\n\n\n<p>Tre\u015b\u0107 zapytania ofertowego oraz pozosta\u0142e dokumenty stanowi\u0105 za\u0142\u0105czniki do tego Zapytania.<\/p>\n\n\n\n<p>Termin sk\u0142adania ofert: do ko\u0144ca dnia 03.02.2021 r.<br>Prosimy o sk\u0142adanie ofert w spos\u00f3b opisany w Zapytaniu ofertowym, zgodnie ze wzorem oferty (za\u0142\u0105cznik nr 2), \u0142\u0105cznie z o\u015bwiadczeniami wykonawcy i wykazem us\u0142ug (za\u0142\u0105czniki nr 3.1 i 3.2) oraz dokumentami potwierdzaj\u0105cymi wykaz us\u0142ug.<\/p>\n\n\n\n<p>Tryb udzielenia zam\u00f3wienia: zasada konkurencyjno\u015bci obowi\u0105zuj\u0105ca przy udzieleniu zam\u00f3wienia w ramach projektu przez beneficjenta nieb\u0119d\u0105cego zamawiaj\u0105cym w rozumieniu Pzp w przypadku zam\u00f3wie\u0144 przekraczaj\u0105cych warto\u015b\u0107 50 tys. PLN netto, tj. bez podatku od towar\u00f3w i us\u0142ug (VAT).<\/p>\n\n\n\n<p><br>Og\u0142oszenie zosta\u0142o opublikowane w Bazie Konkurencyjno\u015bci pod adresem:<br>https:\/\/bazakonkurencyjnosci.funduszeeuropejskie.gov.pl\/ogloszenia\/28173<br>&nbsp;<\/p>\n\n\n\n<p>Osoba do kontaktu:<\/p>\n\n\n\n<p>Tomasz Go\u0142\u0105bek, tel. 513 767 922, e-mail: tomasz.golabek@cotg.pttk.pl<\/p>\n\n\n\n<p><strong>Dokumenty powi\u0105zane:<\/strong><\/p>\n\n\n\n<ul class=\"wp-block-list\">\n<li><a href=\"https:\/\/cotg.pttk.pl\/bip\/wp-content\/uploads\/2023\/04\/Zalaczniki_1-5.zip\">Za\u0142\u0105czniki 1-5<\/a><\/li>\n<\/ul>\n","protected":false},"excerpt":{"rendered":"<p>Polskie Towarzystwo Turystyczno-Krajoznawcze Centralny O\u015brodek Turystyki G\u00f3rskiej PTTK w Krakowie zaprasza do z\u0142o\u017cenia oferty dotycz\u0105cej wykonania us\u0142ugi: Stworzenie aplikacji mobilnej (Android + iOS) oraz strony mapowej w ramach realizacji projektu pn. \u201eG\u00f3ry bez granic \u2013 integracja sieci szlak\u00f3w w transgraniczny produkt turystyczny\u201d, nr PLSK.01.01.00-00.0116\/17, wsp\u00f3\u0142finansowanego przez Uni\u0119 Europejsk\u0105 z Europejskiego Funduszu Rozwoju Regionalnego w ramach [&hellip;]<\/p>\n","protected":false},"author":2,"featured_media":0,"parent":51,"menu_order":4,"comment_status":"closed","ping_status":"closed","template":"","meta":{"footnotes":""},"class_list":["post-76","page","type-page","status-publish","hentry"],"_links":{"self":[{"href":"https:\/\/cotg.pttk.pl\/bip\/wp-json\/wp\/v2\/pages\/76","targetHints":{"allow":["GET"]}}],"collection":[{"href":"https:\/\/cotg.pttk.pl\/bip\/wp-json\/wp\/v2\/pages"}],"about":[{"href":"https:\/\/cotg.pttk.pl\/bip\/wp-json\/wp\/v2\/types\/page"}],"author":[{"embeddable":true,"href":"https:\/\/cotg.pttk.pl\/bip\/wp-json\/wp\/v2\/users\/2"}],"replies":[{"embeddable":true,"href":"https:\/\/cotg.pttk.pl\/bip\/wp-json\/wp\/v2\/comments?post=76"}],"version-history":[{"count":1,"href":"https:\/\/cotg.pttk.pl\/bip\/wp-json\/wp\/v2\/pages\/76\/revisions"}],"predecessor-version":[{"id":78,"href":"https:\/\/cotg.pttk.pl\/bip\/wp-json\/wp\/v2\/pages\/76\/revisions\/78"}],"up":[{"embeddable":true,"href":"https:\/\/cotg.pttk.pl\/bip\/wp-json\/wp\/v2\/pages\/51"}],"wp:attachment":[{"href":"https:\/\/cotg.pttk.pl\/bip\/wp-json\/wp\/v2\/media?parent=76"}],"curies":[{"name":"wp","href":"https:\/\/api.w.org\/{rel}","templated":true}]}}